inder when 13536038 is divided by 31?
12
Calculate the remainder when 3949517 is divided by 1316473.
98
What is the remainder when 17983346 is divided by 521?
510
Calculate the remainder when 2047611 is divided by 559.
553
What is the remainder when 6527456 is divided by 262?
250
Calculate the remainder when 1850728 is divided by 227.
224
What is the remainder when 97782615 is divided by 260?
255
Calculate the remainder when 32619500 is divided by 12888.
12860
What is the remainder when 120254 is divided by 23757?
1469
Calculate the remainder when 47237 is divided by 23549.
139
Calculate the remainder when 2661486 is divided by 999.
150
Calculate the remainder when 7674840 is divided by 645.
630
Calculate the remainder when 738683 is divided by 3104.
3035
What is the remainder when 5759840 is divided by 422?
384
Calculate the remainder when 226288 is divided by 14.
6
What is the remainder when 201053 is divided by 2481?
92
What is the remainder when 46401746 is divided by 159?
140
What is the remainder when 12054783 is divided by 3145?
3143
Calculate the remainder when 7261234 is divided by 1978.
1974
Calculate the remainder when 441037231 is divided by 209.
206
What is the remainder when 1696489 is divided by 1340?
49
Calculate the remainder when 1118095 is divided by 1833.
1798
Calculate the remainder when 2152860 is divided by 895.
385
What is the remainder when 10597023 is divided by 620?
603
What is the remainder when 4125172 is divided by 5269?
4814
Calculate the remainder when 1271836 is divided by 37405.
66
Calculate the remainder when 6894226 is divided by 4.
2
Calculate the remainder when 6543527 is divided by 6.
5
What is the remainder when 2670751 is divided by 58?
25
Calculate the remainder when 7140394 is divided by 3332.
3250
Calculate the remainder when 4628073 is divided by 894.
729
Calculate the remainder when 150260 is divided by 1370.
930
Calculate the remainder when 3324675 is divided by 19.
17
Calculate the remainder when 20841317 is divided by 1191.
8
What is the remainder when 6512 is divided by 5845?
667
Calculate the remainder when 10035084 is divided by 5265.
5259
Calculate the remainder when 35745587 is divided by 5673.
14
What is the remainder when 204496 is divided by 7863?
58
Calculate the remainder when 219636 is divided by 9146.
132
Calculate the remainder when 2526116 is divided by 609.
593
What is the remainder when 22096 is divided by 21688?
408
Calculate the remainder when 8686724 is divided by 3842.
3804
Calculate the remainder when 1850221 is divided by 615629.
3334
Calculate the remainder when 100420 is divided by 7547.
2309
Calculate the remainder when 513789 is divided by 434.
367
What is the remainder when 276707 is divided by 69057?
479
What is the remainder when 1395408 is divided by 21800?
208
Calculate the remainder when 15022253 is divided by 69.
56
What is the remainder when 155079 is divided by 4348?
2899
What is the remainder when 70563 is divided by 2590?
633
Calculate the remainder when 111493561 is divided by 69.
49
Calculate the remainder when 1724782 is divided by 8667.
49
Calculate the remainder when 49466170 is divided by 3.
1
What is the remainder when 207897515 is divided by 5652?
5651
What is the remainder when 144666218 is divided by 447883?
9
Calculate the remainder when 685490 is divided by 4243.
2367
Calculate the remainder when 43543 is divided by 1195.
523
What is the remainder when 16579470 is divided by 58?
54
Calculate the remainder when 4533774 is divided by 84.
42
Calculate the remainder when 20111543 is divided by 547.
541
Calculate the remainder when 107931 is divided by 16.
11
What is the remainder when 48335990 is divided by 1239384?
14
Calculate the remainder when 554262 is divided by 7805.
107
Calculate the remainder when 58455 is divided by 19018.
1401
What is the remainder when 6121838 is divided by 680178?
236
Calculate the remainder when 765570 is divided by 5134.
604
Calculate the remainder when 4814905 is divided by 1405.
1375
Calculate the remainder when 19174703 is divided by 2470.
93
What is the remainder when 42328447 is divided by 2776?
2775
What is the remainder when 79768967 is divided by 17648?
7
What is the remainder when 12362012 is divided by 28?
12
Calculate the remainder when 12310476 is divided by 32.
12
What is the remainder when 4735057 is divided by 473503?
27
Calculate the remainder when 2595239 is divided by 86505.
89
What is the remainder when 51609 is divided by 2486?
1889
What is the remainder when 37819487 is divided by 2707?
2697
Calculate the remainder when 1141700 is divided by 348.
260
What is the remainder when 487870390 is divided by 11?
7
Calculate the remainder when 738444 is divided by 738063.
381
What is the remainder when 28508179 is divided by 3548?
3547
Calculate the remainder when 86938 is divided by 118.
90
What is the remainder when 25570699 is divided by 925?
924
Calculate the remainder when 11009 is divided by 492.
185
Calculate the remainder when 793035 is divided by 7626.
7557
What is the remainder when 188379 is divided by 1982?
89
What is the remainder when 32516684 is divided by 7809?
8
Calculate the remainder when 12728947 is divided by 4242937.
136
Calculate the remainder when 1240290 is divided by 620140.
10
Calculate the remainder when 74290580 is divided by 46.
28
Calculate the remainder when 10403913 is divided by 5201951.
11
Calculate the remainder when 557905 is divided by 139222.
1017
What is the remainder when 1232254 is divided by 49289?
29
What is the remainder when 201975019 is divided by 45?
34
What is the remainder when 1063507 is divided by 481?
16
What is the remainder when 229726 is divided by 470?
366
What is the remainder when 272623 is divided by 24764?
219
What is the remainder when 102213 is divided by 14595?
48
Calculate the remainder when 4355854 is divided by 12.
10
Calculate the remainder when 2336389 is divided by 305.
89
What is the remainder when 362979 is divided by 181349?
281
What is the remainder when 1611571 is divided by 15?
1
What is the remainder when 60487 is divided by 82?
53
Calculate the remainder when 126997 is divided by 240.
37
Calculate the remainder when 53815 is divided by 7507.
1266
Calculate the remainder when 59436816 is divided by 5.
1
What is the remainder when 8703091 is divided by 24?
19
What is the remainder when 54197 is divided by 26924?
349
What is the remainder when 382816 is divided by 382734?
82
What is the remainder when 52441029 is divided by 341?
3
Calculate the remainder when 99877370 is divided by 2246.
2242
What is the remainder when 685359 is divided by 14899?
5
Calculate the remainder when 36119076 is divided by 18059528.
20
Calculate the remainder when 54008 is divided by 3310.
1048
What is the remainder when 1297275 is divided by 17297?
0
What is the remainder when 8373 is divided by 127?
118
Calculate the remainder when 2575715 is divided by 858560.
35
What is the remainder when 343357 is divided by 890?
707
What is the remainder when 18198 is divided by 4407?
570
What is the remainder when 3583623 is divided by 9072?
183
What is the remainder when 364347 is divided by 744?
531
Calculate the remainder when 95765 is divided by 131.
4
Calculate the remainder when 2369260 is divided by 394861.
94
Calculate the remainder when 796358 is divided by 6079.
9
What is the remainder when 15821232 is divided by 15821225?
7
Calculate the remainder when 49165 is divided by 9751.
410
What is the remainder when 26799168 is divided by 13399580?
8
What is the remainder when 1074187 is divided by 59677?
1
Calculate the remainder when 42249427 is divided by 11.
0
Calculate the remainder when 33318388 is divided by 1015.
1013
What is the remainder when 1187825 is divided by 338?
93
Calculate the remainder when 121480949 is divided by 75.
74
What is the remainder when 16601386 is divided by 189?
4
Calculate the remainder when 3744045 is divided by 1981.
1936
Calculate the remainder when 701196 is divided by 11150.
9896
Calculate the remainder when 384738 is divided by 11288.
946
What is the remainder when 1332089 is divided by 2632?
297
Calculate the remainder when 590093 is divided by 590050.
43
Calculate the remainder when 276138551 is divided by 76.
75
Calcu